-75)). What is s(z)?
-5
Let n = 18 - 10. Let d = n + -3. Let q(g) = 13*g**2 - 19*g + 17. Let z(m) = -7*m**2 + 10*m - 9. Let a(k) = 6*q(k) + 11*z(k). Give a(d).
8
Suppose 2*u - 4*h + 6 = u, -h - 26 = -3*u. Suppose 2 = -4*f + u. Let q(k) = -k**3 + 2*k**2 - 2*k - 1. Give q(f).
-5
Let o(n) = 5 + 4 + n**2 + 7*n - 7. Determine o(-5).
-8
Let p(r) = 4*r + 5 + 6 - 12. Give p(2).
7
Let c(s) = -s**2. Let y = 6 + -8. Give c(y).
-4
Let y(f) = 2*f**2 + 3*f**2 + 2*f**2. Let m = -5 - -8. Let j = m + -4. What is y(j)?
7
Let w(g) = -10*g**3 + 2*g**2 - 3*g - 7. Let j(s) = -7*s**3 + s**2 - 2*s - 5. Let q(o) = 7*j(o) - 5*w(o). Determine q(3).
3
Let x be (-2)/(3 + -5)*3. Let u(l) be the second derivative of 0 + l - l**2 + 1/3*l**4 + 1/20*l**5 + 1/3*l**x. Give u(-3).
1
Let q(o) = 14*o**2 - 56*o - 27. Let h(w) = 5*w**2 - 19*w - 9. Let f(p) = 17*h(p) - 6*q(p). Determine f(-8).
-31
Let a(t) = -12*t - 1. Suppose r - 4*l + 11 - 32 = 0, 0 = r + 3*l. Suppose -3*b - 12 - r = 0. Let x(k) = -k**2 - 6*k + 6. Let q be x(b). Determine a(q).
11
Let i(c) = 7*c**2 + 7*c + c**3 + 4 + 0*c**3 - 15*c**2. Let k be (-7)/(-2)*(-1 + 3). Let h be i(k). Let f(g) = -g**2 + 3*g - 1. What is f(h)?
-5
Let y be 1/(2/(-6) - 0). Let k(m) be the first derivative of m**3/3 + 3*m**2/2 + m - 8. Determine k(y).
1
Let h be -2 + 0 - (9 - 5). Let v(f) = 3*f**3 - 17*f**2 - 5*f - 9. Let w(j) = j**3 - 8*j**2 - 2*j - 4. Let d(x) = 2*v(x) - 5*w(x). Calculate d(h).
2
Let k be 1/3 - (-35)/21. Let h(u) be the third derivative of -u**k + 0*u + 0 + 11/6*u**3 + 1/24*u**4. Determine h(-5).
6
Suppose k + 3 = -4*s, -s + 27 = -2*s + 5*k. Let m(j) be the third derivative of -j**4/12 + 7*j**2. Calculate m(s).
4
Let n = 1 + 3. Suppose -3*m - 3 - 7 = -n*z, -3*z + 12 = 0. Let d(t) = -t**3 + 1. Let s(v) = 7*v**3 - 2*v**2 - 3*v - 4. Let h(j) = 6*d(j) + s(j). Determine h(m).
-4
Let j(p) = -5*p - 10. Let d(h) = 5*h + 9. Let w(t) = 5*d(t) + 4*j(t). What is w(-5)?
-20
Suppose -2*b + 10 = 0, -4*o + b - 29 = -0*b. Let k(h) = h**2 + 7*h - 6. What is k(o)?
-12
Let z(c) = c. Let i be 2*3*(-5)/(-2). Let j = i + -9. Give z(j).
6
Let h = 10 - 11. Let o(s) = -5*s**3 - 1. What is o(h)?
4
Let i(k) = -3*k + 1. Let w be i(-3). Let c be ((-25)/w)/(2/(-4)). Let j(u) = u + 6. Determine j(c).
11
Let t(w) = w**2 - 2*w**3 - 3*w**3 + 0*w**3. Let n be t(1). Let o(k) be the third derivative of -k**6/120 - k**5/20 + k**4/8 + k**3/6 + k**2. Give o(n).
5
Let c(p) = p**2 + 3*p + 4. Let t = 5 + 4. Let h(m) = -5*m**2 - 11*m - 17. Let s(r) = t*c(r) + 2*h(r). What is s(4)?
6
Let w(n) = -n**3 + 19*n**2 - n + 18. Let c be w(19). Let u(r) = -r - 2. Calculate u(c).
-1
Let v(p) be the third derivative of -p**5/60 + p**4/24 + 11*p**3/6 - 23*p**2. Determine v(0).
11
Let h(p) = -2*p + 41. Let x be h(17). Let t(y) = -y**3 + 8*y**2 - 6*y - 8. Calculate t(x).
-1
Let o(f) be the second derivative of -f**3/6 + 2*f**2 + f. Let z(l) = -l**2 + 11*l - 15. Let v be z(9). Give o(v).
1
Let f be 28/(-20) + 2/5. Let z be -1 - -1 - (-2 + f). Let t(k) = k**3 - 3*k**2 + 2*k - 3. Determine t(z).
3
Let a = 104 + -94. Let u(g) = g**2 - 12*g + 12. Give u(a).
-8
Let o(w) = -2*w + 0 - 4*w + 3 + 5*w. Calculate o(-5).
8
Let w(j) be the first derivative of -j**3/3 - 7*j**2/2 + 4*j + 4. Suppose -4*f - 24 = 4*m, 4*m = -0*f - 3*f - 25. Give w(m).
4
Suppose -22 = -0*x - 4*x - 2*k, 0 = 3*x - k - 14. Let m(h) = 2*h + 3. Let j(a) = a + 2. Let c(s) = x*m(s) - 6*j(s). Let w = 2 + -4. What is c(w)?
-5
Let d(b) = b**3 - 6*b**2 - 6*b - 5. Let a = -18 + 25. Give d(a).
2
Let s(f) = -f + 3. Let n be s(0). Let g(q) be the first derivative of -q**3/3 + 5*q**2/2 + 4*q + 1. Calculate g(n).
10
Let k(j) = 2*j + 4. Let d be (-2)/((-30)/(-81)) - (-2)/5. Calculate k(d).
-6
Let t = 2 + -2. Suppose t = -p + 2*p - 3. Let n(z) = 3*z**2 + 1 - z**p - 2*z + z**2 - 2*z**2. Calculate n(1).
0
Let k(b) = -b**3 + b**2 + 2*b + 2. Let r be 3*1 - (10 - 7). Let m = r + 3. Calculate k(m).
-10
Let v(j) = -j**2 - 5*j - 2. Let n be v(-4). Let x(q) = 0 + 5*q - 4*q**2 + 0 + 5*q**n. Determine x(-5).
0
Let a(n) = 0*n + 12*n**3 + 5*n + 1 - 3*n + 0 + 2*n**2. Calculate a(-1).
-11
Suppose 4 = -5*r + 14. Let i be (-4)/10 + (-126)/(-15). Let w(f) = -f**3 + i*f + 3*f + 0*f - 10*f. Calculate w(r).
-6
Let s(x) be the second derivative of x**4/12 - 4*x**3/3 - x**2 - 29*x. Give s(8).
-2
Let s(j) = 7*j**2 + 5 - 5*j**3 + 11*j**3 - 6*j - 7*j**3. Determine s(6).
5
Let n(c) = -c**3 + 7*c**2 - 6*c - 3. Let f(y) = y**3 - 8*y**2 + 7*y + 4. Let z(v) = 4*f(v) + 5*n(v). Calculate z(1).
1
Let f be (-2)/10 + (-32)/(-10). Suppose j = 1, f*k + j = 4*j - 6. Let r = k - -2. Let p(s) = 7*s**2 - s + 1. Determine p(r).
7
Suppose 0 = 3*r + 6 - 15. Let o(j) = -j**2 + 2*j - 5. Let u(f) = f + 1. Let p(k) = -o(k) - 2*u(k). Determine p(r).
0
Let d be (-2)/2 - 8/2. Let c(l) be the third derivative of l**4/24 - 2*l**3/3 - 59*l**2. Determine c(d).
-9
Let y(o) be the first derivative of o**2/2 + o - 3. Calculate y(-2).
-1
Let q(s) = -1. Let a(r) = r - 5. Let h(j) = -a(j) + 3*q(j). Let t(x) = -11 + 3*x**2 - x**2 - x**2 + 8*x. Let n be t(-9). Determine h(n).
4
Let a(c) = c**3 + 4*c**2 + 7*c. Let y(z) = z**3 + 4*z**2 + 8*z. Suppose -35 = 5*p - 0. Let s(o) = p*a(o) + 6*y(o). Give s(-3).
-6
Let h(g) = -g**3 + 7*g**2 + 9*g - 6. Let x be h(8). Let m(a) = 2*a**2 - a + x*a**2 + 2*a. Give m(1).
5
Let u(r) = -3*r**2 - 239*r**3 + 119*r**3 + 7 - 8*r + 121*r**3. Calculate u(5).
17
Let v(n) = 2*n + 3. Suppose -25 - 15 = -5*o. Let w(a) = -a**2 - 7 + 1 + 3 + o*a. Let k be w(8). What is v(k)?
-3
Let p be (-2)/8 - (-13)/4. Let h(z) = z - p*z + 0*z - z**2 + 3. Let w(m) = m**3 - 2*m**2 - 5*m + 2. Let o be w(3). What is h(o)?
-5
Let j(v) = -3*v + 2*v + 2*v - 200 + 199. Let y(p) = -p**2 + 7*p - 7. Let k be y(5). Calculate j(k).
2
Let f(v) = -v**2 - 8*v - 10. Let o be f(-7). Let i(t) = 3*t - 4. Let c(w) = -2*w + 3. Let d = 0 + -3. Let x(p) = d*i(p) - 4*c(p). What is x(o)?
3
Let p = -6 - -6. Let q(a) = p*a - 3 + a + 1. Give q(-3).
-5
Suppose 2*s - s - 3*j + 18 = 0, 2*s - 4*j + 26 = 0. Let a(f) = 8 - 4 - 3*f - 4. What is a(s)?
9
Let q(u) = -u - 9. Let o be q(-11). Let m(h) = h + 2. Determine m(o).
4
Let q be 0 + 5/((-5)/6). Let x(n) = 5*n + 9. Let s(c) = -6*c - 11. Let r(h) = -4*s(h) - 5*x(h). Calculate r(q).
5
Let f(u) = 17*u + 2 - 7*u + 4*u - 1. Calculate f(2).
29
Let y(b) = b**3 - 4*b**2 - 6*b - 1. Let s be (8 - 13)*1*-1. Give y(s).
-6
Let z(w) = -4*w + 1. Let p = -10 - -8. Let i = p + 0. Let m = -1 - i. Calculate z(m).
-3
Suppose 0 = 8*x - 13 + 53. Let j(p) = p + 12. Determine j(x).
7
Let g(r) = 4*r + 2. Let m(h) = 1. Let n(x) = -g(x) + 4*m(x). Determine n(-2).
10
Let f(w) = 14*w**3 + 23*w**2 + 14*w - 3. Let k(g) = -5*g**3 - 8*g**2 - 5*g + 1. Let a(q) = -6*f(q) - 17*k(q). What is a(2)?
3
Let u(f) = f**2 + 6*f + 7. Let s be u(-5). Suppose s*j + 26 = 4*j. Suppose -3*r - j = 4*m, 0 = 4*r - 2 - 2. Let b(i) = i**2 + 5*i - 5. What is b(m)?
-9
Let v(y) = -5*y - 3. Let t be (-4)/2 + (-16)/(-1). Suppose 4*b - 6 = -t. Calculate v(b).
7
Let u(w) be the third derivative of -w**4/24 + 5*w**3/6 - w**2. Let t be -3 - (-12)/(3 + 0). Let m be (1 - 3) + (6 - t). What is u(m)?
2
Let k(h) = h**2 + 7*h + 4. Let x(u) = -u + 8. Let t be (39/6)/(2/4). Let b be x(t). Let f be k(b). Let l(i) = i**2 + 6*i. Calculate l(f).
0
Let j(y) = -y**3 - 5*y**2 + 1. Let m be j(-5). Let r(q) be the third derivative of -q**5/60 + q**3/6 - 11*q**2. Give r(m).
0
Let r(b) = -b**3 + 5*b**2 - 2*b - 3. Suppose 0 = 5*l - 4*t + 1, 2 = -3*l + 5*t - 9. Calculate r(l).
9
Suppose 0 = i - 2*c + 13, 5*i - 5*c + 15 + 25 = 0. Let r(v) = -2*v + 1. Calculate r(i).
7
Let d(g) be the first derivative of g**3/3 - 3*g**2 + 4*g + 2. Suppose -4*k = w - 19, 4*k - 7 = 3*w - 0*w. What is d(w)?
-5
Suppose 3*j + 2*k = -k - 18, -5*j = -4*k + 12. Let b(c) = -c - 5. Calculate b(j).
-1
Suppose -4*v - 5 + 25 = 0. Let p(o) = -o - 5. Give p(v).
-10
Let w = 229/3 + -76. Let u(d) be the first derivative of -1/4*d**4 - 2 + w*d**3 + 3/2*d**2 + d. What is u(-2)?
7
Let t(r) = -6*r**3 - 6*r**2 + 7*r. Let m(x) = 5*x**3 + 6*x**2 - 7*x. Suppose k - 10 = -u, -6*u + 44 = 4*k - u. Let n(f) = k*t(f) + 7*m(f). Give n(5).
-10
Let l(r) = r**3 - 6*r**2 - r + 6. Suppose 0 = -5*h - w + 9 + 20, 0 = -5*h - 4*w + 26. Calculate l(h).
0
Suppose -p = -3*g + 20, -3*g - g + p = -25. Let z(b) be the fi